 factors of 807802?
2, 403901
What are the prime factors of 107644?
2, 17, 1583
List the prime factors of 2697355.
5, 409, 1319
List the prime factors of 192207.
3, 79, 811
List the prime factors of 480153.
3, 29, 5519
List the prime factors of 18814779.
3, 43, 61, 797
List the prime factors of 472613.
29, 43, 379
What are the prime factors of 246995?
5, 7, 7057
What are the prime factors of 2479559?
113, 21943
List the prime factors of 159364.
2, 39841
What are the prime factors of 5907304?
2, 13, 79, 719
What are the prime factors of 1881061?
7, 13, 2953
What are the prime factors of 1113426?
2, 3, 29, 79
What are the prime factors of 5473584?
2, 3, 38011
List the prime factors of 79629.
3, 11, 19, 127
What are the prime factors of 1027128?
2, 3, 42797
List the prime factors of 19400849.
13, 373, 4001
List the prime factors of 11814309.
3, 13, 97, 347
List the prime factors of 959935.
5, 113, 1699
What are the prime factors of 1210229?
1210229
List the prime factors of 13703951.
13703951
List the prime factors of 954261.
3, 7, 11, 17
List the prime factors of 485599.
23, 43, 491
What are the prime factors of 215510?
2, 5, 23, 937
List the prime factors of 320028.
2, 3, 26669
What are the prime factors of 163261?
7, 83, 281
List the prime factors of 146478.
2, 3, 24413
What are the prime factors of 279217?
31, 9007
List the prime factors of 2505831.
3, 647, 1291
What are the prime factors of 6969513?
3, 31, 74941
List the prime factors of 4561616.
2, 285101
What are the prime factors of 3381975?
3, 5, 15031
What are the prime factors of 686993?
686993
What are the prime factors of 84162?
2, 3, 13, 83
List the prime factors of 14233879.
11, 17, 103, 739
List the prime factors of 236637.
3, 26293
List the prime factors of 79701.
3, 31, 857
What are the prime factors of 25062?
2, 3, 4177
List the prime factors of 75651.
3, 151, 167
List the prime factors of 3339540.
2, 3, 5, 18553
What are the prime factors of 377387?
377387
List the prime factors of 486314.
2, 243157
List the prime factors of 55194.
2, 3, 9199
List the prime factors of 423158.
2, 173, 1223
List the prime factors of 149141.
17, 31, 283
What are the prime factors of 17881213?
7, 2554459
What are the prime factors of 193897?
11, 17627
What are the prime factors of 7310948?
2, 1827737
List the prime factors of 105359.
105359
List the prime factors of 191000.
2, 5, 191
What are the prime factors of 119932?
2, 29983
What are the prime factors of 19092?
2, 3, 37, 43
List the prime factors of 6061910.
2, 5, 733, 827
List the prime factors of 425611.
37, 11503
List the prime factors of 37431.
3, 4159
What are the prime factors of 11477174?
2, 5738587
List the prime factors of 1753876.
2, 53, 8273
List the prime factors of 1766739.
3, 13, 89, 509
What are the prime factors of 573827?
23, 61, 409
What are the prime factors of 452755?
5, 23, 31, 127
List the prime factors of 1253266.
2, 7, 89519
What are the prime factors of 416727?
3, 19, 2437
List the prime factors of 2310952.
2, 7, 29, 1423
What are the prime factors of 4228886?
2, 17, 61, 2039
List the prime factors of 119549.
119549
What are the prime factors of 5377075?
5, 11, 19553
What are the prime factors of 1896879?
3, 23, 37, 743
What are the prime factors of 232688?
2, 14543
List the prime factors of 11324109.
3, 37, 102019
What are the prime factors of 1110584?
2, 29, 4787
What are the prime factors of 522552?
2, 3, 21773
What are the prime factors of 4472051?
23, 127, 1531
What are the prime factors of 5275645?
5, 37, 28517
List the prime factors of 236375.
5, 31, 61
What are the prime factors of 292248?
2, 3, 11, 41
List the prime factors of 5820455.
5, 1164091
List the prime factors of 3734679.
3, 13, 17, 43, 131
What are the prime factors of 1236549?
3, 23, 17921
What are the prime factors of 1916850?
2, 3, 5, 13, 983
What are the prime factors of 2805350?
2, 5, 19, 2953
What are the prime factors of 4246995?
3, 5, 283133
List the prime factors of 8597256.
2, 3, 358219
What are the prime factors of 5383872?
2, 3, 13, 719
List the prime factors of 66949.
66949
List the prime factors of 734600.
2, 5, 3673
What are the prime factors of 22020?
2, 3, 5, 367
What are the prime factors of 5329147?
37, 144031
What are the prime factors of 4526842?
2, 29, 78049
What are the prime factors of 16403109?
3, 277, 19739
List the prime factors of 2995922.
2, 1497961
What are the prime factors of 624798?
2, 3, 103, 337
What are the prime factors of 380827?
229, 1663
List the prime factors of 380648.
2, 47581
What are the prime factors of 3265599?
3, 1088533
What are the prime factors of 3115400?
2, 5, 37, 421
What are the prime factors of 308102?
2, 127, 1213
What are the prime factors of 2220683?
41, 54163
List the prime factors of 292844.
2, 179, 409
What are the prime factors of 8492325?
3, 5, 199, 569
What are the prime factors of 4101755?
5, 7, 117193
List the prime factors of 7057038.
2, 3, 1176173
What are the prime factors of 8664780?
2, 3, 5, 144413
List the prime factors of 17528099.
17528099
What are the prime factors of 736387?
736387
What are the prime factors of 37845?
3, 5, 29
What are the prime factors of 379304?
2, 17, 2789
List the prime factors of 8226101.
13, 632777
List the prime factors of 17629351.
17629351
What are the prime factors of 1779656?
2, 149, 1493
What are the prime factors of 371559?
3, 123853
List the prime factors of 227314.
2, 113657
List the prime factors of 7662365.
5, 101, 15173
List the prime factors of 15734533.
59, 266687
What are the prime factors of 7990600?
2, 5, 39953
List the prime factors of 109105.
5, 21821
List the prime factors of 203856.
2, 3, 31, 137
What are the prime factors of 182399?
7, 71, 367
What are the prime factors of 618731?
41, 15091
What are the prime factors of 631521?
3, 11, 6379
What are the prime factors of 15401881?
11, 17, 23, 3581
List the prime factors of 8987343.
3, 2995781
What are the prime factors of 4768538?
2, 2384269
What are the prime factors of 375716?
2, 11, 8539
What are the prime factors of 69683?
17, 4099
List the prime factors of 226980.
2, 3, 5, 13, 97
What are the prime factors of 73215?
3, 5, 1627
What are the prime factors of 83997?
3, 17, 61
What are the prime factors of 386726?
2, 19, 10177
List the prime factors of 1853539.
47, 113, 349
What are the prime factors of 547771?
7, 1597
List the prime factors of 56942.
2, 71, 401
List the prime factors of 180490.
2, 5, 18049
List the prime factors of 150122.
2, 7, 10723
What are the prime factors of 899191?
139, 6469
What are the prime factors of 5632315?
5, 13, 73, 1187
List the prime factors of 2635665.
3, 5, 29, 73, 83
List the prime factors of 2912557.
29, 67, 1499
What are the prime factors of 1017064?
2, 127133
What are the prime factors of 239584?
2, 7487
List the prime factors of 24708900.
2, 3, 5, 23, 3581
What are the prime factors of 9321236?
2, 17, 137077
List the prime factors of 2557195.
5, 511439
What are the prime factors of 461938?
2, 230969
List the prime factors of 10552219.
10552219
What are the prime factors of 263585?
5, 7, 17, 443
What are the prime factors of 477997?
13, 83, 443
List the prime factors of 10324386.
2, 3, 43, 13339
List the prime factors of 1036430.
2, 5, 103643
List the prime factors of 661257.
3, 19, 1289
List the prime factors of 220832.
2, 67, 103
What are the prime factors of 14932328?
2, 19, 31, 3169
List the prime factors of 5434864.
2, 339679
List the prime factors of 13460049.
3, 1495561
List the prime factors of 308922.
2, 3, 51487
List the prime factors of 898546.
2, 11, 47, 79
What are the prime factors of 419038?
2, 209519
List the prime factors of 1285156.
2, 321289
List the prime factors of 160597.
41, 3917
What are the prime factors of 491212?
2, 37, 3319
What are the prime factors of 478455?
3, 5, 167, 191
What are the prime factors of 11076069?
3, 19, 43, 4519
What are the prime factors of 396009?
3, 4889
What are the prime factors of 403746?
2, 3, 7, 9613
List the prime factors of 212376.
2, 3, 8849
List the prime factors of 547422.
2, 3, 91237
List the prime factors of 1845134.
2, 97, 9511
List the prime factors of 3922048.
2, 13, 2357
List the prime factors of 211987.
59, 3593
What are the prime factors of 2776872?
2, 3, 7, 16529
List